{"id":8,"date":"2020-06-09T00:50:02","date_gmt":"2020-06-09T00:50:02","guid":{"rendered":"https:\/\/coopintegra.com.do\/sitio\/?page_id=8"},"modified":"2026-01-06T18:29:12","modified_gmt":"2026-01-06T18:29:12","slug":"inicio","status":"publish","type":"page","link":"https:\/\/coopintegra.com.do\/sitio\/","title":{"rendered":"Inicio"},"content":{"rendered":"\n<div class=\"wp-block-group alignfull is-layout-constrained wp-block-group-is-layout-constrained\"><div class=\"wp-block-group__inner-container\">\n<style>#rpg-803 .img-slider-item .caption { background-color: #ffffff;  }#rpg-803 .img-slider-item .figc {color:#ffffff;}#rpg-803 .rpg-title {  font-size: 18px; }#rpg-803 { width:100%;}#rpg-803  p.description { color:#ffffff;font-size:14px; }#rpg-803  .rpg-title { color:#ffffff; }<\/style>\n\r\n\r\n\r\n\r\n<div id=\"rpg-803\" class=\"img-slider image-slider \" style=\"margin: 50px auto;\" data-config=\"{&quot;columns&quot;:12,&quot;gutter&quot;:8}\">\r\n\r\n\r\n<style type=\"text\/css\">\r\n    .img-slider-swiper-button-prev {\r\n        position: relative;\r\n        width: auto;\r\n        height: auto;\r\n        padding: 5px 20px !important;\r\n        background: transparent; \r\n        border-radius: 0%; \r\n        background-position: -82px -22px;\r\n        cursor: pointer;\r\n        top: 45%;\r\n        left: 30px;\r\n        margin-top: -25px;\r\n        position: absolute;\r\n        z-index: 110;\r\n    }\r\n\r\n    .img-slider-swiper-button-next {\r\n        position: relative;\r\n        right: 30px;\r\n        left: auto;\r\n        background-position: -81px -99px;\r\n        padding: 5px 20px !important;\r\n        width: auto;\r\n        height: auto;\r\n        background: transparent; \r\n        border-radius: 0%;\r\n        cursor: pointer;\r\n        top: 45%;\r\n        margin-top: -25px;\r\n        position: absolute;\r\n        z-index: 110;\r\n    }\r\n\r\n    .img-slider-swiper-button-next:after, .img-slider-swiper-button-prev:after{\r\n        font-size: 32px; \r\n        font-weight: bold;\r\n        color: #107eb6;  \r\n    }\r\n\r\n    .img-slider-swiper-button-prev:hover,\r\n    .img-slider-swiper-button-next:hover {\r\n        background: #107eb6;\r\n    }\r\n\r\n    .img-slider-boxed-prev:hover .img-slider-swiper-button-prev:after,\r\n    .img-slider-boxed-next:hover .img-slider-swiper-button-next:after{\r\n        color: #fff;\r\n    }\r\n\r\n    .img-slider .swiper-slide img{\r\n      width: 100%;\r\n      height: auto;\r\n    }\r\n\r\n    \/*.img-slider .swiper-container {\r\n      width: 50% !important;\r\n    }*\/\r\n\r\n\r\n   \/* .img-slider .swiper-slide img{\r\n      max-width: 100vw;\r\n      height: 700px;\r\n      \/\/width:1920px;\r\n    }*\/\r\n\r\n<\/style>\r\n<!-- Swiper -->\r\n<div class=\"swiper-container img-slider-swiper-boxed\">\r\n   <div class=\"swiper-wrapper\">\r\n                              \r\n\r\n                        <div class=\"swiper-slide\" style=\"width:100px !important;\"><img decoding=\"async\" src=\"https:\/\/coopintegra.com.do\/sitio\/wp-content\/uploads\/2020\/10\/COOPIntegra-1510x800-playa-carrusel.jpg\">\r\n                                                  <\/div>\r\n                        \r\n                              \r\n\r\n                        <div class=\"swiper-slide\" style=\"width:100px !important;\"><img decoding=\"async\" src=\"https:\/\/coopintegra.com.do\/sitio\/wp-content\/uploads\/2020\/10\/COOPIntegra-1510x800-planta-carrusel.jpg\">\r\n                                                  <\/div>\r\n                        \r\n                              \r\n\r\n                        <div class=\"swiper-slide\" style=\"width:100px !important;\"><img decoding=\"async\" src=\"https:\/\/coopintegra.com.do\/sitio\/wp-content\/uploads\/2020\/10\/COOPIntegra-1510x800-manos-carrusel.jpg\">\r\n                                                  <\/div>\r\n                        \r\n        \r\n        <\/div>\r\n          <!-- Add Pagination -->\r\n      <div class=\"swiper-pagination\"><\/div>\r\n          <div style=\"margin-top: 0px;\r\n        width: 100%;\r\n        display: flex;\r\n        align-items: center;\r\n        justify-content: center;\">\r\n        <img decoding=\"async\" src=\"https:\/\/coopintegra.com.do\/sitio\/wp-content\/plugins\/image-slider-slideshow\/assets\/images\/dark.png\" >\r\n     <\/div>\r\n      <!-- Add Arrows -->\r\n              <div class=\"img-slider-boxed-next\">\r\n          <div class=\"img-slider-swiper-button-next\"><\/div>\r\n        <\/div>\r\n        <div class=\"img-slider-boxed-prev\">\r\n            <div class=\"img-slider-swiper-button-prev\"><\/div>\r\n        <\/div>\r\n        <\/div>\r\n  \r\n  <script type=\"text\/javascript\">\r\n     var auto_play = '1';\r\n     var slide_duration = '3000';\r\n\r\n     auto_play = (auto_play==1) ? { delay: slide_duration, disableOnInteraction: false,} : false;\r\n     \r\n     \/*1 Boxed Slider*\/\r\n        var swiper = new Swiper('.img-slider-swiper-boxed', {\r\n              spaceBetween: 30,\r\n              \/\/effect: 'flip',\r\n              effect: 'fade',\/\/for fade effect\r\n              \r\n              centeredSlides: true,\r\n              \r\n              autoHeight: true,\r\n              autoplay: auto_play,\r\n\r\n              pagination: {\r\n                el: '.swiper-pagination',\r\n                clickable: true,\r\n              },\r\n              navigation: {\r\n                nextEl: '.img-slider-swiper-button-next',\r\n                prevEl: '.img-slider-swiper-button-prev',\r\n              },\r\n              keyboard: {\r\n                enabled: true, \/\/for keyboard control\r\n              },\r\n              slidesPerView: 'auto',\r\n            });\r\n\r\n  <\/script><\/div>\r\n\r\n\r\n\r\n\r\n\r\n\t\r\n\r\n\n<\/div><\/div>\n\n\n\n<blockquote class=\"wp-block-quote\">\n<blockquote class=\"wp-block-quote\">\n<p>Bienvenidos a CoopIntegra<\/p>\n<\/blockquote>\n<\/blockquote>\n\n\n\n<div class=\"wp-block-group alignfull is-layout-constrained wp-block-group-is-layout-constrained\"><div class=\"wp-block-group__inner-container\">\n<div class=\"wp-block-media-text is-stacked-on-mobile is-vertically-aligned-center\" style=\"grid-template-columns:18% auto\"><figure class=\"wp-block-media-text__media\"><img loading=\"lazy\" decoding=\"async\" width=\"966\" height=\"966\" src=\"https:\/\/coopintegra.com.do\/sitio\/wp-content\/uploads\/2020\/10\/coopintegra-966x966-altagracia-bienvenida.jpg\" alt=\"\" class=\"wp-image-452 size-full\" srcset=\"https:\/\/coopintegra.com.do\/sitio\/wp-content\/uploads\/2020\/10\/coopintegra-966x966-altagracia-bienvenida.jpg 966w, https:\/\/coopintegra.com.do\/sitio\/wp-content\/uploads\/2020\/10\/coopintegra-966x966-altagracia-bienvenida-300x300.jpg 300w, https:\/\/coopintegra.com.do\/sitio\/wp-content\/uploads\/2020\/10\/coopintegra-966x966-altagracia-bienvenida-150x150.jpg 150w, https:\/\/coopintegra.com.do\/sitio\/wp-content\/uploads\/2020\/10\/coopintegra-966x966-altagracia-bienvenida-768x768.jpg 768w\" sizes=\"(max-width: 966px) 100vw, 966px\" \/><\/figure><div class=\"wp-block-media-text__content\">\n<p>CoopIntegra se esfuerza d\u00eda a d\u00eda en la satisfacci\u00f3n de sus necesidades, contando con un personal altamente comprometido con el cumplimiento de est\u00e1ndares de calidad en el servicio entregado a todos nuestros asociados, lo que nos permite la mejora continua de nuestros procesos y el crecimiento de nuestra cartera de oferta. Llevamos a sus familias las soluciones m\u00e1s efectivas ante la demanda de sus necesidades en educaci\u00f3n, provisi\u00f3n de enseres del hogar, imprevistos financieros y salud, entre otros.<\/p>\n<\/div><\/div>\n<\/div><\/div>\n\n\n\n<figure class=\"wp-block-video alignwide\"><video autoplay controls loop src=\"https:\/\/coopintegra.com.do\/sitio\/wp-content\/uploads\/2020\/10\/coopintegra.mp4\"><\/video><\/figure>\n\n\n\n<h4 class=\"wp-block-heading has-text-align-center has-custom-font has-helvetica-font-family\"><mark style=\"background-color:rgba(0, 0, 0, 0)\" class=\"has-inline-color has-primary-color\">Conozca Nuestra Cooperativa<\/mark><\/h4>\n\n\n\n<div class=\"wp-block-columns is-layout-flex wp-container-core-columns-layout-1 wp-block-columns-is-layout-flex\">\n<div class=\"wp-block-column is-layout-flow wp-block-column-is-layout-flow\">\n<figure class=\"wp-block-image size-large is-resized coblocks-animate\"><a href=\"https:\/\/evcomrd.com\/coopintegra\" target=\"_blank\" rel=\"Portal Transaccional noopener noreferrer\"><img loading=\"lazy\" decoding=\"async\" width=\"746\" height=\"484\" src=\"https:\/\/coopintegra.com.do\/sitio\/wp-content\/uploads\/2020\/10\/CoopIntegra-portal-transaccional-745x483-1.jpg\" alt=\"\" class=\"wp-image-601\" style=\"width:224px;height:145px\" srcset=\"https:\/\/coopintegra.com.do\/sitio\/wp-content\/uploads\/2020\/10\/CoopIntegra-portal-transaccional-745x483-1.jpg 746w, https:\/\/coopintegra.com.do\/sitio\/wp-content\/uploads\/2020\/10\/CoopIntegra-portal-transaccional-745x483-1-300x195.jpg 300w\" sizes=\"(max-width: 746px) 100vw, 746px\" \/><\/a><\/figure>\n<\/div>\n\n\n\n<div class=\"wp-block-column is-layout-flow wp-block-column-is-layout-flow\">\n<figure class=\"wp-block-image size-large is-resized coblocks-animate\"><a href=\"http:\/\/coopintegra.com.do\/calculadora.html\" target=\"_blank\" rel=\"Calculadora de Prestamos noopener noreferrer\"><img loading=\"lazy\" decoding=\"async\" width=\"746\" height=\"484\" src=\"https:\/\/coopintegra.com.do\/sitio\/wp-content\/uploads\/2020\/10\/CoopIntegra-calculadora-de-prestamos-745x483-1.jpg\" alt=\"\" class=\"wp-image-602\" style=\"width:223px;height:144px\" srcset=\"https:\/\/coopintegra.com.do\/sitio\/wp-content\/uploads\/2020\/10\/CoopIntegra-calculadora-de-prestamos-745x483-1.jpg 746w, https:\/\/coopintegra.com.do\/sitio\/wp-content\/uploads\/2020\/10\/CoopIntegra-calculadora-de-prestamos-745x483-1-300x195.jpg 300w\" sizes=\"(max-width: 746px) 100vw, 746px\" \/><\/a><\/figure>\n<\/div>\n\n\n\n<div class=\"wp-block-column is-layout-flow wp-block-column-is-layout-flow\">\n<figure class=\"wp-block-image size-large is-resized coblocks-animate\"><a href=\"https:\/\/coopintegra.com.do\/sitio\/servicios\/\" rel=\"Ofertas de Temporada\"><img loading=\"lazy\" decoding=\"async\" width=\"746\" height=\"484\" src=\"https:\/\/coopintegra.com.do\/sitio\/wp-content\/uploads\/2020\/10\/CoopIntegra-promociones-de-temporadas-745x483-1.jpg\" alt=\"\" class=\"wp-image-603\" style=\"width:220px;height:143px\" srcset=\"https:\/\/coopintegra.com.do\/sitio\/wp-content\/uploads\/2020\/10\/CoopIntegra-promociones-de-temporadas-745x483-1.jpg 746w, https:\/\/coopintegra.com.do\/sitio\/wp-content\/uploads\/2020\/10\/CoopIntegra-promociones-de-temporadas-745x483-1-300x195.jpg 300w\" sizes=\"(max-width: 746px) 100vw, 746px\" \/><\/a><\/figure>\n<\/div>\n<\/div>\n\n\n\n<p><\/p>\n","protected":false},"excerpt":{"rendered":"<p>CoopIntegra se esfuerza d\u00eda a d\u00eda en la satisfacci\u00f3n de sus necesidades, contando con un personal altamente comprometido con el cumplimiento de est\u00e1ndares de calidad en el servicio entregado a todos nuestros asociados, lo que nos permite la mejora continua de nuestros procesos y el crecimiento de nuestra cartera de oferta. Llevamos a sus familias [&hellip;]<\/p>\n","protected":false},"author":1,"featured_media":0,"parent":0,"menu_order":0,"comment_status":"closed","ping_status":"closed","template":"","meta":{"hide_page_title":"enabled","footnotes":""},"_links":{"self":[{"href":"https:\/\/coopintegra.com.do\/sitio\/wp-json\/wp\/v2\/pages\/8"}],"collection":[{"href":"https:\/\/coopintegra.com.do\/sitio\/wp-json\/wp\/v2\/pages"}],"about":[{"href":"https:\/\/coopintegra.com.do\/sitio\/wp-json\/wp\/v2\/types\/page"}],"author":[{"embeddable":true,"href":"https:\/\/coopintegra.com.do\/sitio\/wp-json\/wp\/v2\/users\/1"}],"replies":[{"embeddable":true,"href":"https:\/\/coopintegra.com.do\/sitio\/wp-json\/wp\/v2\/comments?post=8"}],"version-history":[{"count":95,"href":"https:\/\/coopintegra.com.do\/sitio\/wp-json\/wp\/v2\/pages\/8\/revisions"}],"predecessor-version":[{"id":869,"href":"https:\/\/coopintegra.com.do\/sitio\/wp-json\/wp\/v2\/pages\/8\/revisions\/869"}],"wp:attachment":[{"href":"https:\/\/coopintegra.com.do\/sitio\/wp-json\/wp\/v2\/media?parent=8"}],"curies":[{"name":"wp","href":"https:\/\/api.w.org\/{rel}","templated":true}]}}